rmine r(11).
-4
Let c(m) = -m**2 - m + 8. What is c(3)?
-4
Let d(f) = 40*f**2 + 3*f - 1. What is d(1)?
42
Let f(a) = -a**2 + 24*a - 120. Determine f(5).
-25
Let b(x) = -4*x - 10. Determine b(-4).
6
Let c(j) = j**3 + 11*j**2 + 11*j + 39. Give c(-10).
29
Let h(j) = -12*j**3 - j**2 + j - 1. Give h(1).
-13
Let f(a) = -8*a - 52. Determine f(-6).
-4
Let y(w) = 14*w**2 - 2*w. Determine y(-1).
16
Let h(n) = n**3 - 5*n**2 + 8*n - 3. What is h(3)?
3
Let b(k) = 5*k**2 - 4*k + 1. Determine b(-4).
97
Let w(d) = -d**3 - 18*d**2 + 18*d - 11. Give w(-19).
8
Let i(k) = -3*k**3 - 7*k**2 + 7*k + 15. What is i(-3)?
12
Let h(s) = -s**3 - 7*s**2 - 2*s - 11. Calculate h(-7).
3
Let v(f) = 6*f**2 - 2*f + 5. Calculate v(-2).
33
Let a(x) = x**3 + 17*x**2 - 2*x - 41. Calculate a(-17).
-7
Let w(f) = -f**2 - 33*f - 124. Calculate w(-28).
16
Let j(w) = 4*w + 3. Determine j(4).
19
Let l(z) = -z - 12. Calculate l(-26).
14
Let k(y) = 15*y - 5. What is k(7)?
100
Let i(o) = 50*o**3 - o - 1. Calculate i(-1).
-50
Let p(a) = a + 20. Give p(-11).
9
Let l(o) = o**3 + 3*o**2 + 2. What is l(-3)?
2
Let z(k) = k**2 + 4*k + 4. Calculate z(-4).
4
Let l(w) = w**3 + 6*w**2 - 6*w - 5. Determine l(-7).
-12
Let b(s) = -s**2 + 20*s - 41. Determine b(23).
-110
Let z(d) = d**2 + 4*d - 23. What is z(-5)?
-18
Let y(s) = 6*s**2 - 16*s + 31. Give y(2).
23
Let r(s) = s**2 - 7*s - 24. Determine r(11).
20
Let u(t) = -t**3 - 7*t**2 + 44*t - 4. Calculate u(-11).
-4
Let a(h) = 2*h**2 - 27*h + 45. Calculate a(11).
-10
Let y(o) = 4*o + 10. Calculate y(-3).
-2
Let j(n) = 3*n + 82. What is j(-26)?
4
Let j(u) = 2*u**3 - 17*u**2 + 7*u - 5. Calculate j(8).
-13
Let t(g) = g - 20. Determine t(8).
-12
Let n(r) = -r**3 - 6*r**2 - 7. What is n(-6)?
-7
Let f(k) = 3*k + 1. Give f(1).
4
Let z(w) = w**3 + 17. Determine z(0).
17
Let t(o) = 19*o + 1. Determine t(1).
20
Let v(k) = 37*k + 115. What is v(-3)?
4
Let l(p) = 6*p**2 - 2*p - 1. Calculate l(-1).
7
Let z(x) = 2*x**3 - 5*x**2 + 2*x + 6. What is z(3)?
21
Let z(v) = -v**3 - 8*v**2 + 6*v - 4. Give z(-8).
-52
Let n(c) = c + 60. Determine n(9).
69
Let x(h) = h**2 - h - 15. Determine x(5).
5
Let r(v) = -v**2 - 4*v + 37. Give r(-9).
-8
Let m(i) = 2*i + 2. What is m(-6)?
-10
Let r(p) = -p**3 + 8*p**2 + 9*p - 1. What is r(9)?
-1
Let s(x) = x**3 - 4*x**2 + 4. Give s(0).
4
Let s(i) = i**2 - 9*i + 8. What is s(10)?
18
Let f(r) = r + 62. Determine f(26).
88
Let u(m) = 2*m**2 - 4*m + 2. Determine u(-6).
98
Let a(h) = -h**2 + 49*h - 311. Determine a(42).
-17
Let a(w) = -w + 6. Calculate a(8).
-2
Let n(t) = -2*t**2 - 6*t - 7. What is n(-3)?
-7
Let q(v) = -v**3 - 6*v**2 + 7*v - 1. Give q(-7).
-1
Let d(s) = -s**3 + s**2 - s - 13. What is d(0)?
-13
Let a(h) = 2*h**2 - 28*h + 32. Determine a(13).
6
Let i(a) = a - 8. Calculate i(12).
4
Let x(q) = q**2 - 5*q - 8. Calculate x(12).
76
Let m(z) = z**3 - 10*z**2 + 10*z - 13. What is m(9)?
-4
Let n(a) = 6*a**2 + 5*a + 6. What is n(-2)?
20
Let w(a) = -4*a. What is w(-2)?
8
Let m(n) = n**2 + n - 1. What is m(-3)?
5
Let d(s) = 113*s + 453. What is d(-4)?
1
Let l(h) = 6*h**2 + 6*h + 6. What is l(-1)?
6
Let v(h) = -30*h**3 - h**2 - 2*h - 1. What is v(-1)?
30
Let h(w) = w + 8. Give h(-10).
-2
Let t(f) = f**3 + 4*f**2 + 3*f + 3. What is t(-2)?
5
Let h(b) = b**2 + 27*b + 16. Calculate h(-26).
-10
Let s(d) = 105*d + 527. Determine s(-5).
2
Let g(o) = -o**3 - 2*o + 4. Determine g(2).
-8
Let p(c) = 10*c - 150. Calculate p(15).
0
Let l(o) = 3*o + 89. What is l(-8)?
65
Let m(q) = q + 3. Calculate m(-18).
-15
Let v(a) = -9*a - 28. Determine v(6).
-82
Let z(q) = -2*q**2 + 30*q - 46. Give z(13).
6
Let u(b) = -b**3 + 2*b**2 + 7*b - 5. What is u(4)?
-9
Let f(b) = -b**3 + 8*b**2 + 3*b - 5. Give f(8).
19
Let j(u) = u**2 + 20*u + 19. What is j(-17)?
-32
Let z(g) = g**2 - 31*g + 238. Calculate z(17).
0
Let x(m) = -5*m - 57. Give x(-8).
-17
Let q(s) = -s**3 - 5*s**2 + 8*s + 9. Calculate q(-6).
-3
Let b(g) = g - 22. Give b(28).
6
Let r(m) = -3*m + 3. What is r(-3)?
12
Let p(y) = 2*y - 12. Calculate p(0).
-12
Let p(j) = 57*j**2. Calculate p(-1).
57
Let b(d) = d**2 - 10*d - 10. Calculate b(10).
-10
Let z(n) = n**3 - 9*n**2 + 7*n + 5. What is z(8)?
-3
Let x(c) = -c**3 + 17*c**2 - 2*c + 41. What is x(17)?
7
Let p(a) = a**3 - 15*a**2 + 2*a - 27. Determine p(15).
3
Let j(k) = k**3 - 15*k**2 + 3*k + 8. What is j(14)?
-146
Let t(l) = l**2 - 15*l + 8. Determine t(14).
-6
Let l(w) = w**2 + w + 49. Determine l(0).
49
Let a(w) = -w**2 - 3*w + 9. What is a(-6)?
-9
Let o(s) = -7*s - 41. Calculate o(-5).
-6
Let g(j) = 2*j - 6. Determine g(7).
8
Let u(l) = l**2 - l + 5. What is u(-4)?
25
Let l(x) = x**2 - 2*x. Determine l(-5).
35
Let j(h) = h**2 + 8*h - 6. Calculate j(-8).
-6
Let z(b) = b**3 - b**2 - 38. Give z(0).
-38
Let u(k) = 6*k - 11. Determine u(5).
19
Let l(j) = -j**3 + 4*j + 1. Determine l(3).
-14
Let l(w) = -7*w**2 + 7*w - 9. Give l(2).
-23
Let g(m) = -m**3 + 7*m**2 - 8*m + 4. What is g(6)?
-8
Let g(n) = 2*n + 1. Determine g(2).
5
Let l(y) = -43*y**2 + y - 2. Calculate l(1).
-44
Let t(y) = y**3 - 5*y**2 - 10*y + 13. Give t(6).
-11
Let m(c) = c**3 - 16*c**2 - 18*c + 12. Determine m(17).
-5
Let w(h) = h**3 + 8*h**2 + 4*h + 13. Calculate w(-5).
68
Let i(n) = n**3 - 5*n**2 - 8*n - 3. What is i(6)?
-15
Let f(t) = -49*t + 8. Determine f(0).
8
Let l(v) = -2*v**2 + 4*v - 6. Determine l(4).
-22
Let h(r) = -9*r - 120. Determine h(-16).
24
Let a(x) = -x - 65. Give a(5).
-70
Let v(d) = -d**3 - 2*d**2 - 3*d + 6. Calculate v(3).
-48
Let u(f) = -f**2 - 9*f - 6. What is u(-6)?
12
Let h(i) = -40*i + 443. Give h(11).
3
Let r(y) = 3*y + 68. What is r(-7)?
47
Let l(t) = -t**2 + 8*t - 5. What is l(6)?
7
Let l(c) = c**2 + 6*c + 5. Determine l(-7).
12
Let r(d) = d**2 + 14*d + 26. Calculate r(-12).
2
Let x(k) = 27*k**2 + 2*k. Determine x(1).
29
Let o(g) = 2*g**3 - 12*g**2 + 5*g - 24. Calculate o(6).
6
Let p(a) = a**3 - 12*a**2 - 5. What is p(12)?
-5
Let c(j) = 4*j + 33. Calculate c(-7).
5
Let l(z) = z**3 - 29*z**2 + 36*z - 13. Give l(28).
211
Let c(z) = z**3 + 3*z**2 + 2*z + 18. What is c(-3)?
12
Let t(j) = 52*j - 465. Calculate t(9).
3
Let f(j) = j**2 - 7*j + 7. What is f(8)?
15
Let u(q) = -q + 3. What is u(-4)?
7
Let o(z) = -16*z - 62. What is o(-5)?
18
Let t(x) = -154*x**2. Calculate t(1).
-154
Let k(a) = -61*a + 1. Determine k(1).
-60
Let b(a) = a**3 - 9*a**2 - 5*a - 10. What is b(9)?
-55
Let l(w) = 3*w + 37. Calculate l(-11).
4
Let h(b) = -b**3 - 6*b**2 + 6*b + 1. Determine h(-7).
8
Let h(r) = 2*r + 3. What is h(0)?
3
Let u(g) = g**2 + 6*g + 6. Give u(-6).
6
Let b(d) = -d**3 + 3*d**2 - 1. Determine b(4).
-17
Let j(c) = c**3 + 19*c**2 + 48*c + 4. Calculate j(-16).
4
Let k(t) = -3*t + 16. Determine k(12).
-20
Let g(m) = -m**3 - 16*m**2 + 38*m + 43. What is g(-18)?
7
Let r(a) = 7*a + 33. Calculate r(-13).
-58
Let r(k) = -k**2 + k + 3. Give r(-2).
-3
Let o(t) = -t**3 - 7*t**2 - 2*t + 33. What is o(0)?
33
Let v(c) = c**2 - 16*c + 15. What is v(12)?
-33
Let x(w) = -w**2 - 4*w + 4. Give x(-5).
-1
Let s(c) = -28*c - 5. Determine s(-4).
107
Let h(r) = -r**3 + 4*r**2 - r - 5. Calculate h(5).
-35
Let g(p) = -19*p - 400. Calculate g(-21).
-1
Let y(s) = s + 9. Calculate y(6).
15
Let z(f) = 57*f**2 + f. Determine z(-1).
56
Let f(z) = -z**3 - 16*z**2. What is f(-16)?
0
Let u(n) = -8*n - 12. What is u(-3)?
12
Let u(l) = -7*l**2 - 26*l - 7. Determine u(-3).
8
Let y(u) = u**2 - 4*u + 4. Determine y(5).
9
Let x(b) = 36*b + 278. What is x(-8)?
-10
Let g(d) = 7*d. Give g(-2).
-14
Let b(l) = -l**2 - 5*l - 7. Give b(-7).
-21
Let j(h) = 7*h + 4. Calculate j(-6).
-38
Let r(z) = 2*z + 10. Determine r(-11).
-12
Let i(f) = f**3 + 14*f**2 - 20*f - 34. Determine i(-15).
41
Let q(c) = -c**3 + 14*c**2 + 13*c + 28. Determine q(15).
-2
Let o(l) = l**2 + 8*l + 11. Calculate o(-4).
-5
Let w(p) = p**2 - 4*p - 1. Give w(4).
-1
Let v(k) = -k**2 + 8*k - 2. Calculate v(4).
14
Let m(t) = t**3 + 18*t**2 - 19*t - 21. What is m(-19)?
-21
Let h(u) = 3*u**2 + 5*u - 6. Give h(3).
36
Let j(r) = 22*r - 116. Calculate j(5).
-6
Let u(v) = -16*v**2 + 4*v - 3. Calculate u(1).
-15
Let h(d) = d**2 + 9*d + 21. Calculate h(-7).
7
Let g(l) = 5*l**2. Calculate g(1).
5
Let p(g) = -41*g + 46. Give p(1).
5
Let p(x) = -x**3 + 67*x**2 - 66*x. What is p(66)?
0
Let w(q) = -13*q - 40. Give w(-3).
-1
Let u(f) = -12*f - 25. Give u(-2).
-1
Let o(b) = -b - 3. 